te number?
True
Let w = -58 + 38. Let x = 24 + w. Suppose x*z = -2*k + 2614, 5*z - 1301 = -k + z. Is k composite?
True
Let l = 1999 - 1033. Suppose 42*v = 48*v - l. Is v prime?
False
Suppose 31*c - 483336 - 264182 = -295*c. Is c a composite number?
False
Let t(q) = 252*q**2 - 27*q - 4. Let c(r) = 505*r**2 - 54*r - 7. Let f(o) = -2*c(o) + 5*t(o). Is f(5) prime?
False
Is -66 + 8602 + 9/1 composite?
True
Suppose 2*l = -2*q + 8, -2*l + 8 = -l + 2*q. Suppose i - 4*p - 501 = l, -3*i + 2*i + 516 = -p. Is i a prime number?
True
Suppose -570278 = -2*c + 4*j - 128860, 2*j - 882906 = -4*c. Is c prime?
False
Let m = 3881 - 1551. Suppose 4*j + 5*u - 3*u = 1846, 5*j = 2*u + m. Let l = j + -243. Is l a composite number?
True
Let s = 601 - 1470. Let t = s + 1272. Is t composite?
True
Let y(f) = 6*f - 8*f + 26 + 8 - 8*f. Let l be y(11). Let i = 134 + l. Is i a prime number?
False
Let p(d) = d**3 + 6*d**2 + 6*d - 3. Let r be p(-4). Suppose -k - 3*k = 12, r*k = -2*x + 129. Let n = x + -19. Is n a prime number?
True
Is 1/(3*2/(-30)) + 4 + 131010 a composite number?
False
Suppose -20*c = -2*c - 29772. Suppose -c = -2*p - 120. Is p a composite number?
True
Let x(o) = 3*o**2 - 19*o - 125. Let s be x(15). Let a = s + 504. Is a a composite number?
False
Suppose 4104782 = 76*w - 10656564 - 5574050. Is w a prime number?
False
Let a(q) = -q**2 - 29*q - 54. Let b be a(-2). Suppose -8*g + 74768 + 136136 = b. Is g a prime number?
False
Let k be (-3289)/2 - (-5)/10. Let m = 2959 + k. Is m composite?
True
Suppose 3794*s - 3780*s = 1793554. Is s a prime number?
True
Let l(k) = 5*k - 35. Let n be l(8). Let u be (1/(-3)*n)/((-10)/(-30)). Let w = 18 - u. Is w composite?
False
Let z(a) = -a**3 + 7*a**2 + 9*a - 8. Let x be ((4 + 0 - 6)*-8)/2. Let o be z(x). Suppose 0 = -o*c - 4*c + 14372. Is c a prime number?
True
Suppose 28*l - 18*l = -5*b + 215565, b = -3*l + 64670. Is l prime?
True
Suppose 0 = h - 4*m + 1833, m + 5473 = -h - 2*h. Let f = -1304 - h. Suppose -3*x - 3*z + 263 + 511 = 0, -3*z = 2*x - f. Is x composite?
True
Let r = -68127 - -98288. Is r composite?
False
Suppose 5*i - 2*c = 8*i - 5647109, -i + 5*c + 1882347 = 0. Is i prime?
True
Let v be -307*(-2 + 3 + 1). Let c = v - -872. Suppose 4*b + 2*l + 0 = 484, 2*b - c = -5*l. Is b a composite number?
True
Let z = -25 + 28. Suppose z*k - 3762 = -4*m, -2*m + 5*m + 3*k - 2823 = 0. Suppose -1294 - m = -7*r. Is r a prime number?
False
Let w = -603340 + 1164861. Is w prime?
True
Let n(g) = 20351*g + 6972. Is n(5) prime?
True
Let h be -4 + 1 + 3 - -2. Suppose h*k = -4*r + 10, -r = 3*r + 5*k - 7. Let l(w) = 9*w**3 - 2*w**2 - 2*w + 4. Is l(r) prime?
True
Let z be 2 + 0 + 5 - 4. Let n(g) = -7 - z*g + 15*g**3 + 4 - g - 6 - 4*g**2. Is n(4) a prime number?
False
Let m(v) = 79040*v - 383. Is m(6) prime?
True
Let b(t) = 226465*t - 2649. Is b(4) a prime number?
True
Let u(n) = -7*n**3 + 6*n**2 + 3*n + 5. Let m(o) = -8*o**3 + 7*o**2 + 3*o + 4. Let s(r) = 4*m(r) - 5*u(r). Let d be s(-3). Let l = d - -188. Is l a prime number?
True
Let u = 1391 - 1385. Let n = -8 + 7. Is (-8021)/(-6) - n/u composite?
True
Let m = -11546 - -25387. Is m prime?
True
Let h = 314 - 329. Is (1 - 860)/(-1) + h/(-5) a composite number?
True
Is (3612/1290)/(2/216955) a prime number?
False
Let v = 7 - -8. Suppose 4652 = -v*a + 19*a. Is a composite?
False
Suppose 3*p - 3 = k - 0*k, 2*k + 3*p + 15 = 0. Is k/8 + 102809/28 composite?
False
Let n be (-14)/(-63) + (-6)/27. Is (n - (7 - 894))*(-1)/(-1) prime?
True
Is (-65253564)/(-306) - -4 - (-2)/34 prime?
False
Let n(t) = 7*t**3 - 2*t**2 - 9*t + 12. Let o be n(-3). Is (-54603)/(-5) - (o/(-30) - 6) a composite number?
True
Let c(y) = -y**3 - 6*y**2 + 5*y - 5. Let q = 107 - 155. Let o = q + 40. Is c(o) composite?
False
Let b(v) = 24*v**2 - 137*v + 6386. Is b(95) prime?
True
Let f(q) = -q**3 + 2*q**2 - 25*q + 4. Let v be f(0). Suppose 5*z - 3*d = 13, -z + 3 = -2*d + d. Is (z - (0 + 4))*(-1490)/v prime?
False
Let m be ((-7)/14)/(2/(-8)). Suppose -5*r - 11 = u, r + 2*u - m = -r. Is 2*r/((-18)/753) a composite number?
False
Let k = 66 - 66. Let n be (-2)/(k - 2/12). Suppose -5541 = -n*r + 9*r. Is r a prime number?
True
Suppose 505 = r - 69. Suppose y + d + d - r = 0, 0 = -2*y + d + 1128. Suppose y = 5*v - 489. Is v composite?
False
Suppose -127 = 8*d - 39. Let k(f) be the third derivative of -f**6/120 - 3*f**5/20 + 3*f**4/4 + 9*f**3/2 - 6*f**2 - 2*f. Is k(d) a composite number?
False
Suppose -2*q = -3*q + 138. Let n = q + -163. Let b(x) = -137*x - 66. Is b(n) a prime number?
True
Let c(s) = 22*s + 28*s**2 + 21*s - s - 4*s + s**3 - 25. Is c(-26) composite?
True
Suppose 0 = 14*u - 35 - 63. Suppose -u*w + w = -7044. Is w prime?
False
Let b = -69 + 73. Let y = 15 + b. Suppose y*x = 17*x + 17558. Is x prime?
True
Let h = 15664 - 4925. Suppose -h = -5*g + 3*j, 2*g - 4300 = -0*g - j. Is g a prime number?
False
Let z(q) = 21*q - 10. Let k be z(1). Let x be 4/((24/k)/6). Let d(b) = -2*b**3 + 23*b**2 + 8*b + 12. Is d(x) a composite number?
True
Let f be (-22)/(-44) + 128378/4. Let l = f + -15666. Is l a composite number?
True
Suppose -2*c = -49*u + 51*u - 1280088, 5*c = 2*u + 3200185. Is c prime?
True
Suppose 236*k - 250*k + 5975774 = 0. Is k a prime number?
True
Let o(m) = -m**3 + 6*m**2 + 3. Let v be o(6). Is (-62336)/(-5 + -3) + -1*v prime?
True
Let u(p) = p**2 + 3*p + 3. Let q be u(-4). Suppose -4*c + 3*b + 3 = 0, 5*c - q = 4*b - 2. Is (-877)/(2*c/6) a prime number?
True
Suppose -v - 169 = -848. Let f(j) = -14*j + 3234. Let y be f(87). Suppose -y = -3*w - 5*b, 0*w + w + 4*b - v = 0. Is w a prime number?
False
Let k = -6291 + 28520. Is k prime?
True
Suppose f = 47869 - 8549. Is 3 - (-22)/(-11) - f/(-2) prime?
True
Let x = -824686 + 1432455. Is x a prime number?
True
Suppose -3812733 - 2394750 = -15*y - 1420848. Is y a composite number?
True
Suppose -2*w = -8, 75*w - 211216 = -4*g + 70*w. Is g a composite number?
True
Let y = 3 + 9. Suppose 2*n + 60 = -q, 6*n - 3*q - 126 = 10*n. Is (-165473)/(-63) - y/n a composite number?
True
Let k(h) = 5 - 3 + 9*h - 21*h**2 + 3 - 6. Let g be k(-13). Let q = -1514 - g. Is q a composite number?
False
Suppose 103*b - 97*b + 4*t - 694362 = 0, t = 2*b - 231454. Is b a prime number?
True
Let h(j) = 2066*j + 13. Let w be h(4). Suppose -3*q + 2759 = -0*g - g, -5*q + w = -3*g. Let k = -1198 - g. Is k a prime number?
False
Let u(f) = -4*f**2 - f + 3683. Suppose 2*r - 3*r = -3*n + 15, 5*n - 25 = 0. Is u(r) a composite number?
True
Let l = -19 - -47. Let n = l - 50. Let d = n - -417. Is d a composite number?
True
Is 357777 - (-8 + 108/6) composite?
False
Let n(u) = -403182*u**3 - 11*u**2 - 24*u - 12. Is n(-1) a composite number?
True
Let r(s) = 17*s - 21. Let x(q) = -18*q + 17. Let v(a) = -2*r(a) - 3*x(a). Let h = -24 - -34. Is v(h) prime?
True
Is 71/((-3337)/(-188))*(-124378)/(-8) prime?
True
Is 4 + -19 + (-16 - -114522) composite?
True
Suppose -31*r + 280 = 41*r - 16*r. Let q(j) = -588*j**3 - 2*j**2 - 1. Let n be q(-2). Suppose b - 3*g - 931 = -0*b, -r*b + 5*g = -n. Is b a prime number?
False
Let c(k) = -20*k - 51. Let j be c(-5). Let l = j + 187. Suppose 5*p - p = l. Is p prime?
True
Let l(c) = -c**2 - 20*c - 2. Let x be l(-20). Let q be x + 4 + (-6)/3. Suppose -s - s + 212 = q. Is s composite?
True
Let p be 5 + 5/(-10)*0. Suppose 26 = -q - 4*g - 193, -p*g = 4*q + 843. Let i = -128 - q. Is i prime?
True
Let n(z) = -z**2 + 26*z + 30. Let p be n(27). Suppose 0*m + b - 630 = -4*m, -p*b = 3*m - 477. Is m composite?
False
Suppose -2*r + 2*t + 20 = 0, -4*t = -0*t + 20. Suppose 2510 = 15*p - r*p. Is p composite?
False
Suppose 4*o - 69284 = -5*a, -o + 1 - 5 = 0. Let m = a - 7747. Is m a composite number?
False
Let i(p) = 10*p**3 + p**2 + 15*p - 43. Let o = 119 - 115. Is i(o) composite?
False
Let x = 2109 - -17822. Is x a prime number?
False
Let j be (6 - 0)/(49 + -47). Suppose -o - 5703 = -j*h, h + 5*o - 6*o - 1901 = 0. Is h a prime number?
True
Let c(z) = 613*z - 121. Let x = 388 - 358. Is c(x) composite?
False
Suppose -3*i - 5*t = -743073, -i - 3*t - 990764 = -5*i. Suppose 0 = 2*s - 5*a - 99059, 0 = -5*s - 2*a - 0*a + i. Is s a prime number?
True
Let m be 11/(12596/3148 - 4). Suppose 0 = -p - 3*l + 2026 + m, -2*l + 10679 = p. Is p prime?
False
Suppose 0 = -2*d - 0*d + 4. Let q be (2 - d)/(4 + -3). Suppose j - 4*